{"id":575,"date":"2020-12-04T11:07:00","date_gmt":"2020-12-04T11:07:00","guid":{"rendered":"http:\/\/www.areajuridica.co\/web\/?page_id=575"},"modified":"2026-02-12T16:39:11","modified_gmt":"2026-02-12T16:39:11","slug":"about-us-1","status":"publish","type":"page","link":"https:\/\/www.areajuridica.co\/?page_id=575","title":{"rendered":"Quienes Somos"},"content":{"rendered":"\t\t<div data-elementor-type=\"wp-page\" data-elementor-id=\"575\" class=\"elementor elementor-575\">\n\t\t\t\t\t\t<section class=\"elementor-section elementor-top-section elementor-element elementor-element-0c6c289 elementor-section-full_width elementor-reverse-tablet elementor-reverse-mobile elementor-section-stretched process-wrap-layout2 elementor-section-height-min-height elementor-section-height-default elementor-section-items-middle\" data-id=\"0c6c289\" data-element_type=\"section\" data-e-type=\"section\" data-settings=\"{&quot;background_background&quot;:&quot;classic&quot;,&quot;stretch_section&quot;:&quot;section-stretched&quot;}\">\n\t\t\t\t\t\t\t<div class=\"elementor-background-overlay\"><\/div>\n\t\t\t\t\t\t\t<div class=\"elementor-container elementor-column-gap-no\">\n\t\t\t\t\t<div class=\"elementor-column elementor-col-50 elementor-top-column elementor-element elementor-element-2977627\" data-id=\"2977627\" data-element_type=\"column\" data-e-type=\"column\">\n\t\t\t<div class=\"elementor-widget-wrap elementor-element-populated\">\n\t\t\t\t\t\t<div class=\"elementor-element elementor-element-283d36d item-figure animated-slow elementor-invisible elementor-widget elementor-widget-image\" data-id=\"283d36d\" data-element_type=\"widget\" data-e-type=\"widget\" data-settings=\"{&quot;_animation&quot;:&quot;fadeInLeft&quot;}\" data-widget_type=\"image.default\">\n\t\t\t\t<div class=\"elementor-widget-container\">\n\t\t\t\t\t\t\t\t\t\t\t\t\t\t\t<img fetchpriority=\"high\" decoding=\"async\" width=\"849\" height=\"704\" src=\"https:\/\/www.areajuridica.co\/wp-content\/uploads\/2026\/02\/IMG_2876.JPG-1.png\" class=\"attachment-full size-full wp-image-9900\" alt=\"\" srcset=\"https:\/\/www.areajuridica.co\/wp-content\/uploads\/2026\/02\/IMG_2876.JPG-1.png 849w, https:\/\/www.areajuridica.co\/wp-content\/uploads\/2026\/02\/IMG_2876.JPG-1-300x249.png 300w, https:\/\/www.areajuridica.co\/wp-content\/uploads\/2026\/02\/IMG_2876.JPG-1-768x637.png 768w, https:\/\/www.areajuridica.co\/wp-content\/uploads\/2026\/02\/IMG_2876.JPG-1-85x70.png 85w\" sizes=\"(max-width: 849px) 100vw, 849px\" \/>\t\t\t\t\t\t\t\t\t\t\t\t\t\t\t<\/div>\n\t\t\t\t<\/div>\n\t\t\t\t\t<\/div>\n\t\t<\/div>\n\t\t\t\t<div class=\"elementor-column elementor-col-50 elementor-top-column elementor-element elementor-element-6f2c4e9 compress-right-side\" data-id=\"6f2c4e9\" data-element_type=\"column\" data-e-type=\"column\">\n\t\t\t<div class=\"elementor-widget-wrap elementor-element-populated\">\n\t\t\t\t\t\t<div class=\"elementor-element elementor-element-10b944d elementor-widget__width-inherit e-transform e-transform elementor-widget elementor-widget-rt-service-box\" data-id=\"10b944d\" data-element_type=\"widget\" data-e-type=\"widget\" data-settings=\"{&quot;_transform_skewX_effect&quot;:{&quot;unit&quot;:&quot;px&quot;,&quot;size&quot;:0,&quot;sizes&quot;:[]},&quot;_transform_skewY_effect&quot;:{&quot;unit&quot;:&quot;px&quot;,&quot;size&quot;:0,&quot;sizes&quot;:[]},&quot;_transform_rotateZ_effect&quot;:{&quot;unit&quot;:&quot;px&quot;,&quot;size&quot;:&quot;&quot;,&quot;sizes&quot;:[]},&quot;_transform_rotateZ_effect_tablet&quot;:{&quot;unit&quot;:&quot;deg&quot;,&quot;size&quot;:&quot;&quot;,&quot;sizes&quot;:[]},&quot;_transform_rotateZ_effect_mobile&quot;:{&quot;unit&quot;:&quot;deg&quot;,&quot;size&quot;:&quot;&quot;,&quot;sizes&quot;:[]},&quot;_transform_skewX_effect_tablet&quot;:{&quot;unit&quot;:&quot;deg&quot;,&quot;size&quot;:&quot;&quot;,&quot;sizes&quot;:[]},&quot;_transform_skewX_effect_mobile&quot;:{&quot;unit&quot;:&quot;deg&quot;,&quot;size&quot;:&quot;&quot;,&quot;sizes&quot;:[]},&quot;_transform_skewY_effect_tablet&quot;:{&quot;unit&quot;:&quot;deg&quot;,&quot;size&quot;:&quot;&quot;,&quot;sizes&quot;:[]},&quot;_transform_skewY_effect_mobile&quot;:{&quot;unit&quot;:&quot;deg&quot;,&quot;size&quot;:&quot;&quot;,&quot;sizes&quot;:[]}}\" data-widget_type=\"rt-service-box.default\">\n\t\t\t\t<div class=\"elementor-widget-container\">\n\t\t\t\t\t\n<ul class=\"one-column-wrap\">\n        <li class=\"process-box-layout2\">\n                <div class=\"item-content\">\n                        <h3 class=\"item-title\">Quienes Somos<\/h3>\n                        <p>Un equipo de profesionales expertos con experiencia de  m\u00e1s de 5 a\u00f1os, en cada una de las disciplinas del derecho, trabajamos con honestidad, honradez y responsabilidad.<\/p>\n                    <\/div>\n    <\/li>\n        <li class=\"process-box-layout2\">\n                <div class=\"item-content\">\n                        <h3 class=\"item-title\">Misi\u00f3n<\/h3>\n                        <p>Proporcionar a nuestros clientes el\nmejor servicio de asesoramiento\njur\u00eddico y comercial, realizando\npropuestas y soluciones eficaces y\npersonalizadas, brindando una\nasesor\u00eda integral para la protecci\u00f3n\nde sus intereses econ\u00f3micos y\nsociales.\n<\/p>\n                    <\/div>\n    <\/li>\n        <li class=\"process-box-layout2\">\n                <div class=\"item-content\">\n                        <h3 class=\"item-title\">Visi\u00f3n<\/h3>\n                        <p>Ser la mejor firma de Abogados, Consultor\u00eda y Asesor\u00edas del pa\u00eds, brindando altos est\u00e1ndares de calidad en los servicios prestados, siendo as\u00ed, la referencia del sector en cuanto a\nsatisfacci\u00f3n del cliente y\nresultados.<\/p>\n                    <\/div>\n    <\/li>\n    <\/ul>\t\t\t\t<\/div>\n\t\t\t\t<\/div>\n\t\t\t\t\t<\/div>\n\t\t<\/div>\n\t\t\t\t\t<\/div>\n\t\t<\/section>\n\t\t\t\t<section class=\"elementor-section elementor-top-section elementor-element elementor-element-8d1b33c elementor-section-full_width elementor-section-height-default elementor-section-height-default\" data-id=\"8d1b33c\" data-element_type=\"section\" data-e-type=\"section\" data-settings=\"{&quot;background_background&quot;:&quot;classic&quot;}\">\n\t\t\t\t\t\t\t<div class=\"elementor-background-overlay\"><\/div>\n\t\t\t\t\t\t\t<div class=\"elementor-container elementor-column-gap-no\">\n\t\t\t\t\t<div class=\"elementor-column elementor-col-100 elementor-top-column elementor-element elementor-element-123ac1c\" data-id=\"123ac1c\" data-element_type=\"column\" data-e-type=\"column\">\n\t\t\t<div class=\"elementor-widget-wrap elementor-element-populated\">\n\t\t\t\t\t\t<section class=\"elementor-section elementor-inner-section elementor-element elementor-element-d9cfcdf elementor-section-boxed elementor-section-height-default elementor-section-height-default\" data-id=\"d9cfcdf\" data-element_type=\"section\" data-e-type=\"section\">\n\t\t\t\t\t\t<div class=\"elementor-container elementor-column-gap-default\">\n\t\t\t\t\t<div class=\"elementor-column elementor-col-100 elementor-inner-column elementor-element elementor-element-1437395\" data-id=\"1437395\" data-element_type=\"column\" data-e-type=\"column\">\n\t\t\t<div class=\"elementor-widget-wrap elementor-element-populated\">\n\t\t\t\t\t\t<div class=\"elementor-element elementor-element-252f8aa elementor-widget__width-inherit elementor-widget elementor-widget-rt-service-box\" data-id=\"252f8aa\" data-element_type=\"widget\" data-e-type=\"widget\" data-widget_type=\"rt-service-box.default\">\n\t\t\t\t<div class=\"elementor-widget-container\">\n\t\t\t\t\t\n<div class=\"row no-gutters d-md-flex justify-content-center\">\n\t\t<div class=\"col-lg-4 col-md-6 col-12\">\n\t\t<div class=\"feature-box-layout2\">\n\t\t\t\t\t\t<div class=\"item-icon\">\n\t\t\t\t<i class=\"flaticon-search\"><\/i>\n\t\t\t<\/div>\n\t\t\t\t\t\t<h3 class=\"item-title\">Acompa\u00f1amiento<\/h3>\n\t\t\t\t\t\t<p>\n<\/p>\n\t\t\t\t\t<\/div>\n\t<\/div>\n\t\t<div class=\"col-lg-4 col-12\">\n\t\t<div class=\"feature-box-layout2\">\n\t\t\t\t\t\t<div class=\"item-icon\">\n\t\t\t\t<i class=\" flaticon-law\"><\/i>\n\t\t\t<\/div>\n\t\t\t\t\t\t<h3 class=\"item-title\">Jur\u00eddica <\/h3>\n\t\t\t\t\t<\/div>\n\t<\/div>\n\t<\/div>\t\t\t\t<\/div>\n\t\t\t\t<\/div>\n\t\t\t\t\t<\/div>\n\t\t<\/div>\n\t\t\t\t\t<\/div>\n\t\t<\/section>\n\t\t\t\t\t<\/div>\n\t\t<\/div>\n\t\t\t\t\t<\/div>\n\t\t<\/section>\n\t\t\t\t<section class=\"elementor-section elementor-top-section elementor-element elementor-element-9dd8f80 elementor-section-boxed elementor-section-height-default elementor-section-height-default\" data-id=\"9dd8f80\" data-element_type=\"section\" data-e-type=\"section\" data-settings=\"{&quot;background_background&quot;:&quot;classic&quot;}\">\n\t\t\t\t\t\t<div class=\"elementor-container elementor-column-gap-default\">\n\t\t\t\t\t<div class=\"elementor-column elementor-col-100 elementor-top-column elementor-element elementor-element-a4ea626\" data-id=\"a4ea626\" data-element_type=\"column\" data-e-type=\"column\">\n\t\t\t<div class=\"elementor-widget-wrap\">\n\t\t\t\t\t\t\t<\/div>\n\t\t<\/div>\n\t\t\t\t\t<\/div>\n\t\t<\/section>\n\t\t\t\t<section class=\"elementor-section elementor-top-section elementor-element elementor-element-406bb79a elementor-section-full_width contact-progress-wrap-layout1 elementor-section-height-default elementor-section-height-default\" data-id=\"406bb79a\" data-element_type=\"section\" data-e-type=\"section\" data-settings=\"{&quot;background_background&quot;:&quot;classic&quot;}\">\n\t\t\t\t\t\t<div class=\"elementor-container elementor-column-gap-no\">\n\t\t\t\t\t<div class=\"elementor-column elementor-col-50 elementor-top-column elementor-element elementor-element-f95f85d\" data-id=\"f95f85d\" data-element_type=\"column\" data-e-type=\"column\" data-settings=\"{&quot;background_background&quot;:&quot;classic&quot;}\">\n\t\t\t<div class=\"elementor-widget-wrap elementor-element-populated\">\n\t\t\t\t\t\t<section class=\"elementor-section elementor-inner-section elementor-element elementor-element-649a3918 elementor-hidden-tablet elementor-hidden-phone elementor-section-boxed elementor-section-height-default elementor-section-height-default\" data-id=\"649a3918\" data-element_type=\"section\" data-e-type=\"section\" data-settings=\"{&quot;background_background&quot;:&quot;classic&quot;}\">\n\t\t\t\t\t\t<div class=\"elementor-container elementor-column-gap-default\">\n\t\t\t\t\t<div class=\"elementor-column elementor-col-50 elementor-inner-column elementor-element elementor-element-1edb4bec elementor-hidden-tablet elementor-hidden-phone\" data-id=\"1edb4bec\" data-element_type=\"column\" data-e-type=\"column\">\n\t\t\t<div class=\"elementor-widget-wrap\">\n\t\t\t\t\t\t\t<\/div>\n\t\t<\/div>\n\t\t\t\t<div class=\"elementor-column elementor-col-50 elementor-inner-column elementor-element elementor-element-b303b59\" data-id=\"b303b59\" data-element_type=\"column\" data-e-type=\"column\">\n\t\t\t<div class=\"elementor-widget-wrap elementor-element-populated\">\n\t\t\t\t\t\t<div class=\"elementor-element elementor-element-2849d051 elementor-widget elementor-widget-rt-section-heading\" data-id=\"2849d051\" data-element_type=\"widget\" data-e-type=\"widget\" data-widget_type=\"rt-section-heading.default\">\n\t\t\t\t<div class=\"elementor-widget-container\">\n\t\t\t\t\t\n<div class=\"section-heading2\">\n\t\t<h2 class=\"heading-main-title\">Cont\u00e1ctanos Ahora<\/h2>\n\t<\/div>\t\t\t\t<\/div>\n\t\t\t\t<\/div>\n\t\t\t\t<div class=\"elementor-element elementor-element-24af472a elementor-widget elementor-widget-shortcode\" data-id=\"24af472a\" data-element_type=\"widget\" data-e-type=\"widget\" data-widget_type=\"shortcode.default\">\n\t\t\t\t<div class=\"elementor-widget-container\">\n\t\t\t\t\t\t\t<div class=\"elementor-shortcode\">\n<div class=\"wpcf7 no-js\" id=\"wpcf7-f509-o1\" lang=\"en-US\" dir=\"ltr\" data-wpcf7-id=\"509\">\n<div class=\"screen-reader-response\"><p role=\"status\" aria-live=\"polite\" aria-atomic=\"true\"><\/p> <ul><\/ul><\/div>\n<form action=\"\/index.php?rest_route=%2Fwp%2Fv2%2Fpages%2F575#wpcf7-f509-o1\" method=\"post\" class=\"wpcf7-form init\" aria-label=\"Contact form\" novalidate=\"novalidate\" data-status=\"init\">\n<fieldset class=\"hidden-fields-container\"><input type=\"hidden\" name=\"_wpcf7\" value=\"509\" \/><input type=\"hidden\" name=\"_wpcf7_version\" value=\"6.1.5\" \/><input type=\"hidden\" name=\"_wpcf7_locale\" value=\"en_US\" \/><input type=\"hidden\" name=\"_wpcf7_unit_tag\" value=\"wpcf7-f509-o1\" \/><input type=\"hidden\" name=\"_wpcf7_container_post\" value=\"0\" \/><input type=\"hidden\" name=\"_wpcf7_posted_data_hash\" value=\"\" \/>\n<\/fieldset>\n<div class=\"consultation_contact\">\n<div class=\"row\">\n<div class=\"col-md-6 form-group\">\n          <span class=\"wpcf7-form-control-wrap\" data-name=\"username\"><input size=\"40\" maxlength=\"400\" class=\"wpcf7-form-control wpcf7-text wpcf7-validates-as-required form-control\" aria-required=\"true\" aria-invalid=\"false\" placeholder=\"Nombre *\" value=\"\" type=\"text\" name=\"username\" \/><\/span>\n\t  <div class=\"help-block with-errors\"><\/div>\n      <\/div>\n      <div class=\"col-md-6 form-group\">\n           <span class=\"wpcf7-form-control-wrap\" data-name=\"email\"><input size=\"40\" maxlength=\"400\" class=\"wpcf7-form-control wpcf7-email wpcf7-validates-as-required wpcf7-text wpcf7-validates-as-email form-control\" aria-required=\"true\" aria-invalid=\"false\" placeholder=\"Email *\" value=\"\" type=\"email\" name=\"email\" \/><\/span>\n\t<div class=\"help-block with-errors\"><\/div>\n      <\/div>\n      <div class=\"col-md-6 form-group\">\n        <span class=\"wpcf7-form-control-wrap\" data-name=\"phone\"><input size=\"40\" maxlength=\"400\" class=\"wpcf7-form-control wpcf7-tel wpcf7-validates-as-required wpcf7-text wpcf7-validates-as-tel form-control\" aria-required=\"true\" aria-invalid=\"false\" placeholder=\"Telefono *\" value=\"\" type=\"tel\" name=\"phone\" \/><\/span>\n\t<div class=\"help-block with-errors\"><\/div>\n      <\/div>\n      <div class=\"col-md-6 form-group\">\n        <span class=\"wpcf7-form-control-wrap\" data-name=\"subject\"><input size=\"40\" maxlength=\"400\" class=\"wpcf7-form-control wpcf7-text wpcf7-validates-as-required form-control\" aria-required=\"true\" aria-invalid=\"false\" placeholder=\"Asunto\" value=\"\" type=\"text\" name=\"subject\" \/><\/span>\n\t<div class=\"help-block with-errors\"><\/div>\n      <\/div>\n      <div class=\"col-12 form-group\">\n        <span class=\"wpcf7-form-control-wrap\" data-name=\"message\"><textarea cols=\"40\" rows=\"10\" maxlength=\"2000\" class=\"wpcf7-form-control wpcf7-textarea wpcf7-validates-as-required textarea form-control\" aria-required=\"true\" aria-invalid=\"false\" placeholder=\"Mensaje\" name=\"message\"><\/textarea><\/span>\n        <div class=\"help-block with-errors\"><\/div>\n      <\/div>\n      <div class=\"col-12 form-group text-center\">\n        <button type=\"submit\" class=\"btn-fill\">Contactar Asesor<\/button>\n      <\/div>\n      <div class=\"form-response\"><\/div>\n<\/div>\n<\/div><div class=\"wpcf7-response-output\" aria-hidden=\"true\"><\/div>\n<\/form>\n<\/div>\n<\/div>\n\t\t\t\t\t\t<\/div>\n\t\t\t\t<\/div>\n\t\t\t\t\t<\/div>\n\t\t<\/div>\n\t\t\t\t\t<\/div>\n\t\t<\/section>\n\t\t\t\t\t<\/div>\n\t\t<\/div>\n\t\t\t\t<div class=\"elementor-column elementor-col-50 elementor-top-column elementor-element elementor-element-502fc8fa\" data-id=\"502fc8fa\" data-element_type=\"column\" data-e-type=\"column\">\n\t\t\t<div class=\"elementor-widget-wrap elementor-element-populated\">\n\t\t\t\t\t\t<section class=\"elementor-section elementor-inner-section elementor-element elementor-element-4199d13 elementor-section-boxed elementor-section-height-default elementor-section-height-default\" data-id=\"4199d13\" data-element_type=\"section\" data-e-type=\"section\">\n\t\t\t\t\t\t<div class=\"elementor-container elementor-column-gap-default\">\n\t\t\t\t\t<div class=\"elementor-column elementor-col-50 elementor-inner-column elementor-element elementor-element-441cdf0\" data-id=\"441cdf0\" data-element_type=\"column\" data-e-type=\"column\">\n\t\t\t<div class=\"elementor-widget-wrap elementor-element-populated\">\n\t\t\t\t\t\t<div class=\"elementor-element elementor-element-6d99b689 elementor-widget elementor-widget-rt-prograss-box\" data-id=\"6d99b689\" data-element_type=\"widget\" data-e-type=\"widget\" data-widget_type=\"rt-prograss-box.default\">\n\t\t\t\t<div class=\"elementor-widget-container\">\n\t\t\t\t\t\n<div class=\"progress-wrap-layout2\">\n\t<div class=\"progress-inner\">\n\t\t<ul>\n\t\t\t\t\t\t<li>\n\t\t\t\t<div class=\"progress-box-layout2  wow animated fadeInUp\" data-wow-delay=\"0.4s\">\n\t\t\t\t\t\t\t\t\t\t<div class=\"counting-text counter\" data-num=\"700\">700<\/div>\n\t\t\t\t\t\t\t\t\t\t<p class=\"item-title\">Casos Jur\u00eddicos <\/p>\n\t\t\t\t\t\t\t\t\t<\/div>\n\t\t\t<\/li>\n\t\t\t\t\t\t<li>\n\t\t\t\t<div class=\"progress-box-layout2  wow animated fadeInUp\" data-wow-delay=\"0.2s\">\n\t\t\t\t\t\t\t\t\t\t<div class=\"counting-text counter\" data-num=\"1710\">1710<\/div>\n\t\t\t\t\t\t\t\t\t\t<p class=\"item-title\">Clientes Satisfechos<\/p>\n\t\t\t\t\t\t\t\t\t<\/div>\n\t\t\t<\/li>\n\t\t\t\t\t\t<li>\n\t\t\t\t<div class=\"progress-box-layout2 pbox-bg wow animated fadeInUp\" data-wow-delay=\"0s\">\n\t\t\t\t\t\t\t\t\t\t<div class=\"counting-text counter\" data-num=\"90\">90<\/div>\n\t\t\t\t\t\t\t\t\t\t<p class=\"item-title\">Efectividad <\/p>\n\t\t\t\t\t\t\t\t\t<\/div>\n\t\t\t<\/li>\n\t\t\t\t\t<\/ul>\n\t<\/div>\n<\/div>\t\t\t\t<\/div>\n\t\t\t\t<\/div>\n\t\t\t\t\t<\/div>\n\t\t<\/div>\n\t\t\t\t<div class=\"elementor-column elementor-col-50 elementor-inner-column elementor-element elementor-element-2498a30a\" data-id=\"2498a30a\" data-element_type=\"column\" data-e-type=\"column\">\n\t\t\t<div class=\"elementor-widget-wrap\">\n\t\t\t\t\t\t\t<\/div>\n\t\t<\/div>\n\t\t\t\t\t<\/div>\n\t\t<\/section>\n\t\t\t\t\t<\/div>\n\t\t<\/div>\n\t\t\t\t\t<\/div>\n\t\t<\/section>\n\t\t\t\t<\/div>\n\t\t","protected":false},"excerpt":{"rendered":"<p>Quienes Somos Un equipo de profesionales expertos con experiencia de m\u00e1s de 5 a\u00f1os, en cada una de las disciplinas del derecho, trabajamos con honestidad, honradez y responsabilidad. Misi\u00f3n Proporcionar a nuestros clientes el mejor servicio de asesoramiento jur\u00eddico y comercial, realizando propuestas y soluciones eficaces y personalizadas, brindando una asesor\u00eda integral para la protecci\u00f3n&#8230;<\/p>\n","protected":false},"author":3,"featured_media":0,"parent":0,"menu_order":0,"comment_status":"closed","ping_status":"closed","template":"templates\/blank.php","meta":{"footnotes":""},"class_list":["post-575","page","type-page","status-publish","hentry"],"_links":{"self":[{"href":"https:\/\/www.areajuridica.co\/index.php?rest_route=\/wp\/v2\/pages\/575","targetHints":{"allow":["GET"]}}],"collection":[{"href":"https:\/\/www.areajuridica.co\/index.php?rest_route=\/wp\/v2\/pages"}],"about":[{"href":"https:\/\/www.areajuridica.co\/index.php?rest_route=\/wp\/v2\/types\/page"}],"author":[{"embeddable":true,"href":"https:\/\/www.areajuridica.co\/index.php?rest_route=\/wp\/v2\/users\/3"}],"replies":[{"embeddable":true,"href":"https:\/\/www.areajuridica.co\/index.php?rest_route=%2Fwp%2Fv2%2Fcomments&post=575"}],"version-history":[{"count":76,"href":"https:\/\/www.areajuridica.co\/index.php?rest_route=\/wp\/v2\/pages\/575\/revisions"}],"predecessor-version":[{"id":9903,"href":"https:\/\/www.areajuridica.co\/index.php?rest_route=\/wp\/v2\/pages\/575\/revisions\/9903"}],"wp:attachment":[{"href":"https:\/\/www.areajuridica.co\/index.php?rest_route=%2Fwp%2Fv2%2Fmedia&parent=575"}],"curies":[{"name":"wp","href":"https:\/\/api.w.org\/{rel}","templated":true}]}}